q a prime number?
False
Let a(h) = -9*h - 9. Let p be a(-12). Let b be (-6)/((3/p)/(-1)). Suppose y = b + 217. Is y a prime number?
False
Let l(p) = -34*p - 1 + 1 - 1 + 4. Is l(-1) composite?
False
Let p(o) = 11 - 8*o - o**2 + 2*o**3 - o**3 + 3*o - 5*o. Is p(8) a composite number?
False
Suppose -3*l + 2257 = -2648. Suppose -4*a + l = a. Let s = -194 + a. Is s a prime number?
False
Let n(l) = -6*l**3 - 7*l**2 - 2. Suppose p + 16 = -3*w, -2*p + 9*w = 4*w - 1. Is n(p) composite?
True
Let g = 491 + 95. Let r = g - 209. Is r prime?
False
Let z = -29 + 34. Suppose 3177 = -z*m + 14*m. Is m a composite number?
False
Let q be 28/(-21)*429/(-2). Is (-9)/18 + q/4 composite?
False
Suppose 0 = -4*x - r + 16, -24 = -3*x + 5*r + 11. Let c be (-9)/45 - 2139/x. Is 3/5 - c/20 prime?
False
Let s(o) = 11*o**2 + 3*o + 3. Let m be s(-3). Let j be (3 + 6 + -3)*-10. Let t = m + j. Is t prime?
False
Suppose 0 = 2*w - 2, -41*o - 3*w = -40*o - 4538. Is o composite?
True
Let n be 19/9 - (-7)/(-63). Suppose 5*f + 14 = n*d + 2, -4*f + d - 12 = 0. Is -431*f/(3 + 1) composite?
False
Let b(r) = 13*r**2 + r**3 - 6 + 0 + 7 - 5*r. Is b(-12) prime?
False
Let d = 41 - 44. Let h = 40 + d. Is h prime?
True
Suppose 0 = -4*s + 107 + 25. Suppose 0 = -3*z - 3*m - s, -5*z + 3*z - m = 25. Let v = z - -21. Is v prime?
True
Let i(p) = 13*p**2 + 13*p - 147. Is i(-16) composite?
True
Let l be (3/3 - 4) + -5. Let b(x) = -19*x**2 - 14*x - 5. Let v(w) = -38*w**2 - 27*w - 10. Let z(j) = 5*b(j) - 3*v(j). Is z(l) a prime number?
False
Let z(v) = 226*v + 1. Let p(x) = -905*x - 5. Let s(d) = 2*p(d) + 9*z(d). Is s(1) prime?
True
Suppose -p - 5*g + 6653 = 0, -8*g + 33160 = 5*p - 4*g. Suppose 45*z = 41*z + p. Is z a prime number?
True
Let b be -83*10/4*-2. Let k be 201 + 0 + 3/(-1). Suppose 4*g - b = 5*w - 71, -2*g - 4*w = -k. Is g a prime number?
False
Suppose -n + 5 = 0, -n + 4 = -3*h + 5. Suppose -d = 4*f - 1822 - 860, 1346 = h*f - 2*d. Is f composite?
True
Suppose -620 = 5*z - 3*f - 17372, -3349 = -z + 2*f. Is z prime?
False
Suppose -11*z = -12*z, 4*w = -3*z + 27988. Is w prime?
True
Let o(k) = 49*k**2 - 294*k - 4. Is o(21) composite?
True
Suppose -j + 5*j - 14084 = 0. Suppose 10*q - 3*q = j. Is q a prime number?
True
Let o(s) = -s**2 - 14*s - 2. Let k(a) = -3*a**2 - 28*a - 4. Let r(m) = 2*k(m) - 5*o(m). Let b be r(14). Suppose -222 = -b*l + 412. Is l composite?
False
Let l(v) = 212*v - 5. Suppose -2*h + 5 = m - 3*h, m + 4*h = 5. Is l(m) a composite number?
True
Is (10/100*365)/(3/786) a composite number?
True
Let q(w) = -w**2 - 45*w - 39. Is q(-22) a prime number?
True
Suppose 54*b - 4 = 58*b. Is (b - 2)*(-753)/3 composite?
True
Let m = 11804 - 3537. Is m composite?
True
Suppose -5*p + t - 2202 = 1638, -2286 = 3*p + 3*t. Let i = p + 1846. Is i a prime number?
False
Suppose -391*n = -390*n. Let q(b) be the first derivative of b**3/3 + 253*b - 1. Is q(n) prime?
False
Let l(f) = 5 - 2*f**3 + 1 + 7*f**2 - 2*f**2. Let r(g) = g**2 - 18*g - 5. Let o be r(18). Is l(o) prime?
False
Let n(h) = 45*h - 45. Let t(s) = -22*s + 23. Let y(u) = -3*n(u) - 5*t(u). Is y(-5) a prime number?
False
Let m(t) = -t + 1. Let c be m(-7). Suppose c*v + 83 = 9*v. Is v a prime number?
True
Let x(s) = 1423*s**2 + 28*s + 3. Is x(-2) composite?
False
Let f(o) = 125*o**2 + 12*o - 44. Is f(3) a composite number?
False
Let p = -2 + 4. Suppose -2*m + p*u = -0*u - 26, -3*u = 4*m - 38. Is m composite?
False
Let b = -8 - -8. Suppose b = d - 0*u + 2*u - 20, -d + 3*u = -15. Suppose 2*x = -d + 316. Is x prime?
True
Suppose -11656 = m - 3090. Let p = -5109 - m. Is p prime?
True
Let q(u) = 7*u - 4. Let v be q(-5). Is (v/(-6))/(7/14) a prime number?
True
Suppose -2*p + 301 = -5*m, 4*m + 3*p = 2*m - 109. Is -6 + 1 - -4 - m a composite number?
True
Suppose 2*d - 4 = -k, k = 4*d - 5 - 3. Is (-502*12/(-16))/(1/d) prime?
False
Let h be (1 - 0)/(13/(-26)). Is (h + 0)*(-3970)/20 a prime number?
True
Let l be ((-3)/(3/3299))/((-7)/7). Let n = l + -1150. Is n a composite number?
True
Suppose 0 = -s - 9 + 230. Suppose -13*a = -12*a - s. Is a prime?
False
Let l = 14 - 0. Let j be 32/(-56) + (-3254)/l. Let a = j + 444. Is a a prime number?
True
Suppose 0 = -o + 90 + 20. Suppose n - 3*n + o = 0. Is n a prime number?
False
Let y = 945 - 1330. Is y/(-15)*(0 + 3) a prime number?
False
Suppose 0 = -a - 3*j + 1505, -a + 2*j + 812 = -713. Is a composite?
True
Suppose -252 = -4*z - 4*n, 0 = -6*z + 4*z + 3*n + 101. Suppose t = z + 29. Suppose s - 4*s + t = -5*w, -3*w + 77 = 2*s. Is s prime?
False
Let x = -11 + 15. Let c be ((6 - 2)/(-2))/(10/(-20)). Suppose 605 = 5*o - x*g + 2*g, 0 = -c*g. Is o a composite number?
True
Suppose 1085 = 270*p - 263*p. Is p a composite number?
True
Let t = -10 - -4. Let z(o) = 17*o**2 + 8*o - 11. Let a(n) = 8*n**2 + 4*n - 5. Let l(h) = t*z(h) + 13*a(h). Is l(7) a composite number?
False
Let b(i) = -i**3 - 12*i**2 - 6*i + 16. Let l be b(-14). Suppose -5*x - 1553 = l. Let h = 10 - x. Is h prime?
True
Suppose 3*f - 3607 = 5*k, -6*f + 2*f + 2*k + 4786 = 0. Let a be 9/6 + (-2)/((-28)/(-10031)). Let w = a + f. Is w a composite number?
False
Suppose -4*s - s - 4*p - 34 = 0, -2*p - 2 = 0. Is (1/(s/(-5836)))/((-2)/(-3)) composite?
False
Suppose -3*c + 5*t - 5 = 0, -2*c + 18 = -0*c + 2*t. Suppose 5*u + 47 = 3*g, -56 = g - c*g + 5*u. Is (-14)/63 + 497/g a prime number?
False
Suppose 4*n + 0 = g + 12, 0 = -5*n + 5*g + 15. Suppose -4*s = 3*h - 8224, -7*h - 4090 = -2*s - n*h. Is s a prime number?
True
Is -3 + 7 + -3 + -2 + 9128 prime?
True
Is ((-447711)/55)/(6/(-70)) a prime number?
False
Let k = -16 - -20. Is ((-18)/(-27))/(k/2910) prime?
False
Let u be 1 - -3 - (-11 + 12). Is 10*(u + 214/4) a composite number?
True
Suppose 0 = -8*a + 10*a - 4. Suppose -k - 7 = -a*k. Let t(v) = -v**3 + 7*v**2 + 6*v - 3. Is t(k) prime?
False
Let x(w) = w**2 + 6*w - 15. Let t be x(-8). Is 493*(-1 + 1 + t) composite?
True
Let v = 9748 + -2321. Is v prime?
False
Let g(n) = -149*n - 74. Let c(q) = 75*q + 37. Let r(w) = 5*c(w) + 3*g(w). Is r(-18) composite?
False
Let i(j) = 80*j + 9. Let z be i(3). Let y = -70 + z. Is y a composite number?
False
Suppose 6*u - 3*u + 2*r + 4 = 0, -u + 4*r = -22. Let x(s) = 131*s + 11. Let o(w) = -87*w - 7. Let t(m) = -8*o(m) - 5*x(m). Is t(u) a prime number?
True
Let z(d) = 2*d + 434. Let w(f) = 3*f + 651. Let g(a) = -5*w(a) + 8*z(a). Is g(0) a prime number?
False
Let x = 115 - 107. Is 413 + x/(-2) - 0 a composite number?
False
Is 51750/8 - 16/(-64) prime?
True
Suppose -3*j + 3*p = -2658, 2*j + 0*j + 5*p = 1779. Is j a prime number?
True
Let j = 6862 + -1891. Is j prime?
False
Let d(j) = -j**3 + j + 120. Let y be d(0). Suppose -542 = -i + y. Is i a prime number?
False
Suppose 109*g + 1211 = 110*g. Is g a prime number?
False
Is 2876/(150/45 + 4/(-2)) composite?
True
Let f(i) = i + 4. Let b be f(6). Let o(j) = b*j - j + 0*j - j + 3. Is o(2) a prime number?
True
Let x(a) = 3*a**2 + 8*a**3 - 7*a**3 + 12 - 2*a**2. Let u be x(0). Let d = 103 + u. Is d a composite number?
True
Let u(j) = 2*j**2 + 4*j - 1. Let m be u(-3). Suppose -3*d - g = -3*g - 1891, -4*g - 8 = 0. Suppose -756 - d = -m*p. Is p a prime number?
True
Let j(h) = 6*h**3 - 7*h**2 + 6*h + 17. Let v(o) = o**3 - o**2 + o + 3. Let c(g) = -j(g) + 4*v(g). Suppose 5*u - 3 = 3*i - 1, -5*u - 22 = 3*i. Is c(i) prime?
True
Let f(a) = -2*a**2 - 6*a + 5. Let r be f(-4). Is (r/2)/((-12)/7528) a prime number?
True
Suppose -85*j + 62*j = -275057. Is j prime?
True
Suppose g = 2*a - 8 - 9, 9 = 4*a + 3*g. Is 1142/a - (-2)/3 prime?
True
Suppose 5*k + 29 = -2*x, 11*k = 16*k + 25. Is -1*((-9205)/(-15))/(x/6) composite?
True
Suppose 0 = -6*v - 46 - 2. Is v/28*-1 + (-1797)/(-7) composite?
False
Let t = -44 - -35. Suppose 5 = 2*v + o, -3*v + o = -4*v + 4. Is (3/t)/(v/(-66)) prime?
False
Suppose v + 4*h - 19 = 6*h, -5*v = 3*h - 69. Is 3*5/v*5077 prime?
True
Let y(d) = -d**2 - 22*d - 10. Let o be y(-11). Let x = 57 + o. Let i = x + -55. Is i composite?
False
Let v = -59 - -59. Let d = 469 - 212. Is (d + v)*(4 - 3) prime?
True
Let s(q) = 29586*q**2 + 17*q - 86. Is s(3) a composite number?
False
Let l be (-21)/(-27) - 2/(-9). Let k be (l + 1)/((-4)/(-28)). Let b(j) = 17*j - 21. Is b(k) composite?
True
Is (-40668)/8*(-14)/21 a prime number?
True
Suppose 565 = 2*j - 307. Let i = -109 + 247. Suppose -2*u = i -